he remainder when 202 is divided by 12?
10
Calculate the remainder when 243 is divided by 5.
3
Calculate the remainder when 94 is divided by 34.
26
Calculate the remainder when 257 is divided by 63.
5
Calculate the remainder when 87 is divided by 20.
7
What is the remainder when 8093 is divided by 45?
38
What is the remainder when 60 is divided by 16?
12
What is the remainder when 266 is divided by 89?
88
What is the remainder when 491 is divided by 34?
15
What is the remainder when 765 is divided by 86?
77
Calculate the remainder when 1002 is divided by 15.
12
What is the remainder when 610 is divided by 68?
66
What is the remainder when 4875 is divided by 19?
11
Calculate the remainder when 21778 is divided by 165.
163
Calculate the remainder when 750 is divided by 202.
144
What is the remainder when 381 is divided by 48?
45
Calculate the remainder when 2516 is divided by 194.
188
What is the remainder when 2727 is divided by 26?
23
What is the remainder when 313 is divided by 60?
13
What is the remainder when 2908 is divided by 182?
178
What is the remainder when 39 is divided by 10?
9
Calculate the remainder when 1836 is divided by 8.
4
What is the remainder when 106 is divided by 57?
49
What is the remainder when 207 is divided by 76?
55
Calculate the remainder when 46 is divided by 5.
1
What is the remainder when 138 is divided by 25?
13
Calculate the remainder when 366 is divided by 78.
54
Calculate the remainder when 1608 is divided by 230.
228
Calculate the remainder when 1154 is divided by 13.
10
Calculate the remainder when 45 is divided by 24.
21
What is the remainder when 303 is divided by 15?
3
Calculate the remainder when 5182 is divided by 12.
10
Calculate the remainder when 96 is divided by 35.
26
Calculate the remainder when 6277 is divided by 161.
159
What is the remainder when 1269 is divided by 14?
9
What is the remainder when 40 is divided by 20?
0
Calculate the remainder when 71 is divided by 32.
7
Calculate the remainder when 399 is divided by 73.
34
Calculate the remainder when 709 is divided by 8.
5
What is the remainder when 2129 is divided by 27?
23
What is the remainder when 1484 is divided by 83?
73
Calculate the remainder when 11 is divided by 9.
2
What is the remainder when 13231 is divided by 24?
7
Calculate the remainder when 10 is divided by 1.
0
Calculate the remainder when 12316 is divided by 22.
18
Calculate the remainder when 54 is divided by 15.
9
What is the remainder when 3104 is divided by 282?
2
Calculate the remainder when 555 is divided by 175.
30
Calculate the remainder when 1002 is divided by 330.
12
Calculate the remainder when 349 is divided by 173.
3
Calculate the remainder when 129 is divided by 17.
10
Calculate the remainder when 229 is divided by 115.
114
Calculate the remainder when 1164 is divided by 22.
20
Calculate the remainder when 1120 is divided by 311.
187
Calculate the remainder when 115 is divided by 61.
54
What is the remainder when 13780 is divided by 11?
8
What is the remainder when 1843 is divided by 42?
37
Calculate the remainder when 637 is divided by 43.
35
What is the remainder when 642 is divided by 34?
30
What is the remainder when 58 is divided by 56?
2
Calculate the remainder when 32 is divided by 3.
2
What is the remainder when 99 is divided by 41?
17
Calculate the remainder when 1623 is divided by 68.
59
What is the remainder when 150 is divided by 136?
14
What is the remainder when 111 is divided by 34?
9
What is the remainder when 1514 is divided by 44?
18
What is the remainder when 1112 is divided by 108?
32
Calculate the remainder when 4293 is divided by 476.
9
What is the remainder when 223 is divided by 40?
23
What is the remainder when 487 is divided by 24?
7
Calculate the remainder when 1807 is divided by 91.
78
Calculate the remainder when 1014 is divided by 17.
11
Calculate the remainder when 89 is divided by 52.
37
What is the remainder when 4575 is divided by 16?
15
Calculate the remainder when 1443 is divided by 465.
48
What is the remainder when 115 is divided by 26?
11
What is the remainder when 51 is divided by 28?
23
Calculate the remainder when 143 is divided by 42.
17
What is the remainder when 494 is divided by 15?
14
What is the remainder when 351 is divided by 16?
15
What is the remainder when 46 is divided by 4?
2
Calculate the remainder when 137 is divided by 5.
2
Calculate the remainder when 553 is divided by 20.
13
Calculate the remainder when 385 is divided by 79.
69
What is the remainder when 22 is divided by 3?
1
Calculate the remainder when 1430 is divided by 44.
22
Calculate the remainder when 826 is divided by 2.
0
Calculate the remainder when 369 is divided by 217.
152
What is the remainder when 11622 is divided by 151?
146
What is the remainder when 346 is divided by 58?
56
Calculate the remainder when 232 is divided by 166.
66
Calculate the remainder when 8975 is divided by 16.
15
What is the remainder when 951 is divided by 28?
27
Calculate the remainder when 235 is divided by 40.
35
Calculate the remainder when 275 is divided by 85.
20
Calculate the remainder when 264 is divided by 184.
80
What is the remainder when 2925 is divided by 22?
21
Calculate the remainder when 1347 is divided by 10.
7
What is the remainder when 84 is divided by 18?
12
Calculate the remainder when 789 is divided by 79.
78
What is the remainder when 330 is divided by 24?
18
Calculate the remainder when 41 is divided by 8.
1
Calculate the remainder when 99 is divided by 29.
12
What is the remainder when 238 is divided by 204?
34
What is the remainder when 48 is divided by 16?
0
What is the remainder when 497 is divided by 126?
119
What is the remainder when 11360 is divided by 421?
414
What is the remainder when 541 is divided by 531?
10
Calculate the remainder when 202 is divided by 104.
98
Calculate the remainder when 615 is divided by 104.
95
What is the remainder when 1366 is divided by 196?
190
What is the remainder when 959 is divided by 45?
14
What is the remainder when 1205 is divided by 598?
9
What is the remainder when 106 is divided by 24?
10
Calculate the remainder when 493 is divided by 38.
37
Calculate the remainder when 246 is divided by 27.
3
Calculate the remainder when 409 is divided by 408.
1
What is the remainder when 203 is divided by 52?
47
What is the remainder when 593 is divided by 101?
88
Calculate the remainder when 814 is divided by 51.
49
What is the remainder when 94 is divided by 60?
34
Calculate the remainder when 56 is divided by 31.
25
What is the remainder when 4073 is divided by 82?
55
What is the remainder when 333 is divided by 56?
53
Calculate the remainder when 53 is divided by 27.
26
Calculate the remainder when 719 is divided by 24.
23
What is the remainder when 9795 is divided by 71?
68
Calculate the remainder when 329 is divided by 22.
21
What is the remainder when 3101 is divided by 141?
140
What is the remainder when 906 is divided by 76?
70
Calculate the remainder when 235 is divided by 85.
65
Calculate the remainder when 162 is divided by 41.
39
Calculate the remainder when 1558 is divided by 30.
28
Calculate the remainder when 647 is divided by 54.
53
Calculate the remainder when 78 is divided by 11.
1
What is the remainder when 1521 is divided by 217?
2
Calculate the remainder when 349 is divided by 154.
41
Calculate the remainder when 111297 is divided by 15.
12
What is the remainder when 157 is divided by 58?
41
Calculate the remainder when 11336 is divided by 186.
176
What is the remainder when 2784 is divided by 21?
12
Calculate the remainder when 405 is divided by 12.
9
Calculate the remainder when 2164 is divided by 1079.
6
What is the remainder when 1439 is divided by 90?
89
What is the remainder when 25 is divided by 9?
7
Calculate the remainder when 1296 is divided by 317.
28
What is the remainder when 127 is divided by 92?
35
What is the remainder when 306 is divided by 43?
5
Calculate the remainder when 687 is divided by 16.
15
What is the remainder when 4425 is divided by 54?
51
Calculate the remainder when 15 is divided by 12.
3
What is the remainder when 3308 is divided by 10?
8
Calculate the remainder when 176 is divided by 60.
56
What is the remainder when 49 is divided by 6?
1
Calculat